133. Calculate the highest common divisor of n and i.
8
Let z(i) = -i**3 - 17*i**2 - 22*i - 6. Let y be z(-16). Suppose 0 = 4*d + 2*d - y. Suppose 0*q - 2*q + 30 = 0. Calculate the highest common divisor of d and q.
15
Let q = -10 - -82. Let g be 4/(-2) - -1 - (q + -82). Suppose -3*w + 349 = n, -5*n - 476 = -4*w - n. Calculate the highest common factor of g and w.
9
Suppose -t - 3*q + 27 = 22, 0 = 4*t - 3*q - 50. What is the highest common factor of 869 and t?
11
Let t be 1/(-9 - -10) - (-79 + 0). What is the greatest common factor of t and 670?
10
Let y(s) = -8*s**2 - 22*s + 20. Let r(d) = -d**2 - d + 2. Let o(b) = 2*r(b) - y(b). Let a be o(-5). What is the highest common factor of 17 and a?
17
Let d(r) = 63*r**2 - 31*r - 136. Let p be d(-4). Calculate the greatest common factor of p and 3.
3
Suppose 803 = -y + 2*c, -2*c - 2272 - 145 = 3*y. Let r = y + 1078. What is the greatest common divisor of r and 42?
21
Let m = -3347 + 5763. What is the greatest common factor of m and 72?
8
Let g(m) = 2*m**3 - 80*m**2 + 165*m - 3. Let p be g(2). Let q = 29 - 13. Suppose p*i + q = 27*i. Calculate the greatest common divisor of i and 28.
4
Let n(i) = 3*i**3 + 6*i**2 + 3*i + 12. Let d be n(-4). Let a = 74 + d. Let t be (-6)/(-33) - 722/a. What is the highest common divisor of 11 and t?
11
Suppose 20 = 5*j - 25. Let a = -128 - -136. Let u(s) = -s**3 + 8*s**2 - s + 17. Let k be u(a). Calculate the greatest common divisor of j and k.
9
Let b = 100 - -156. Suppose -6*g + 2*g = -b. What is the greatest common divisor of 16 and g?
16
Let r = -23 + 62. Let b = -4699 - -4702. What is the highest common divisor of r and b?
3
Let k = 2988 - 953. Calculate the highest common factor of k and 1665.
185
Let f = -4859 + 6884. Suppose -2*i = -6, -5*o - 2*i - i + 384 = 0. What is the greatest common divisor of f and o?
75
Suppose -3*k + 11669 = 4*l, 5*l - 16 = -36. What is the greatest common factor of k and 41?
41
Let j(u) be the third derivative of u**6/10 - u**3/6 - 11*u**2. Let i be j(-1). Let p = i + 20. Calculate the greatest common divisor of p and 35.
7
Suppose m + w + 15 = 4*w, -3*m - 13 = -w. Let d be 2/((-2)/m + 143/(-216)). Calculate the highest common divisor of d and 54.
54
Let s(l) = -2*l**3 + 5*l**2 + 7*l - 16. Let a be s(-4). Let b be 3 - 1 - 70/1. Let z = a + b. What is the highest common divisor of 32 and z?
32
Suppose 8*t + 9*t = 51. Let q be 21 + 24/(-3 - t). Calculate the highest common factor of 153 and q.
17
Let b(z) = -2*z**2 + 110*z - 72. Let w be b(54). Suppose 0 = 3*g + d - 39, -4*g + 4*d + 1 = -35. Calculate the highest common factor of g and w.
12
Let s be -8*((-5)/(-10) - 1). Suppose -5*y = -0*y + 230. Let l = 90 + y. What is the greatest common divisor of l and s?
4
Let z be (-3 + -1)*(21/(-14))/((-9)/(-48)). Calculate the highest common factor of 976 and z.
16
Suppose 2*r - 3*n = 12064, 635*n - 641*n - 6023 = -r. Calculate the highest common divisor of r and 85.
85
Let z be (-314)/(-13) - (45/39 - 1). Suppose 10*u - z - 16 = 0. Suppose -v = -2*v + u. Calculate the greatest common divisor of 32 and v.
4
Let w be 2 + 3 - 7 - 4/(-2). Let i be (w + 70/(-15))*(-144)/28. Calculate the greatest common factor of 204 and i.
12
Let x(j) = -j**3 - 19*j**2 - 24*j - 14. Let a be x(-12). Let f = 1665 + a. What is the greatest common factor of 49 and f?
49
Let z(p) = 59*p + 358. Let m be z(-6). Suppose -m*y + 3151 = -w + 66, 0 = 4*y + 3*w - 3065. Calculate the greatest common divisor of 70 and y.
70
Let p be 30/(-25) - (602/(-10) + -3). Calculate the highest common factor of 1984 and p.
62
Let u be (-2 + (-1144)/12)/(6*9/(-8343)). What is the greatest common divisor of u and 103?
103
Let h = 413 - 417. Let t(j) = j**3 + 2*j**2 - 11*j. Let a be t(h). Calculate the highest common divisor of 84 and a.
12
Let z be (1 - (-22)/(-6))*(-18)/4. Let o be ((-252)/16 - 6/24)*-12. What is the highest common factor of z and o?
12
Suppose -2*x + 2*t - 185 = -5*x, x - 2*t - 51 = 0. Let y = x - 56. Suppose o = -3*r + 265, y*o = -5*r - o + 444. Calculate the highest common factor of 8 and r.
8
Let k(z) = 22*z**2 + 4*z + 32432. Let i be k(0). Calculate the highest common factor of 16 and i.
16
Suppose 39*z = 794 + 3847. What is the greatest common divisor of z and 493?
17
Suppose -336 = -4*d - 16984*j + 16983*j, d - 105 = -2*j. Suppose 0 = -2*v - 2*v + 24. Calculate the greatest common divisor of d and v.
3
Suppose -9*m + 78 = 17*m. Suppose m*h = 5*s + 40, -4*h - 4*s + 0*s = -32. What is the highest common divisor of 130 and h?
10
Let w(o) = -12*o**2 + 4*o. Let p be w(1). Let j be (p/(-20))/(2/230). Suppose 0 = -3*c + j + 8. What is the greatest common divisor of 90 and c?
18
Let n = 1520 + -1511. Suppose 2*q + q = -4*k + 276, -2*q - 8 = 0. What is the greatest common divisor of k and n?
9
Let z be 206/1648 - (-85895)/8. Calculate the highest common divisor of 9 and z.
9
Let r(y) = -34*y + 30. Let v be r(-5). Suppose 2*w - i - 4*i - 255 = 0, -243 = -2*w + i. Calculate the highest common divisor of w and v.
40
Let d = 6020 - 6015. Calculate the greatest common factor of d and 245.
5
Let b be (-1 - -3 - 4) + -76. Let f = b - -95. What is the greatest common divisor of 68 and f?
17
Suppose 27*k + 304 - 1430 = 332. What is the greatest common factor of k and 7398?
54
Suppose -x = 5*l - 141, l = 4*x + 5*l - 596. Let g = x - 97. Calculate the greatest common divisor of 378 and g.
54
Let l = -2388 + 8763. Calculate the highest common factor of 51 and l.
51
Suppose -x = 4*c - 6*x - 2900, 5*c + 3*x = 3662. Let b = 745 - c. What is the greatest common divisor of 125 and b?
5
Let g be (144/(-18))/(2/(-104)). Let m = 53 + -21. What is the highest common factor of g and m?
32
Let d be 108/15 + -8 + 0 - 268224/(-55). Calculate the greatest common factor of d and 265.
53
Suppose -2722 - 1379 = 3*b - 3*g, 3*g = -5*b - 6843. Let y be ((-85)/10 + 9)/((-2)/b). Calculate the greatest common divisor of 18 and y.
18
Let t(v) = -11*v + 34. Let s be t(-10). Let k be 2/4 - (-462)/4. Suppose 3*j - 2*o = k, -7*o + 164 = 5*j - 3*o. What is the highest common divisor of s and j?
36
Let r(v) = -6*v**2 + 165*v - 225. Let z be r(25). What is the highest common divisor of z and 3525?
75
Suppose 1175 = 5*t - 5*d, 0 = -2*t + 21*d - 18*d + 474. What is the highest common divisor of t and 308?
77
Suppose 10 = 3*d + 1, 5*d - 15 = m. Suppose -6 = -3*c - m*c. Suppose -c*o + 11 = 5. Calculate the greatest common divisor of o and 6.
3
Let n be (871/(-52))/((-2)/24). Suppose 17*q - 536 = 13*q. What is the greatest common divisor of q and n?
67
Let w = 85 + -75. Suppose -27*o + 51 = -w*o. What is the greatest common factor of 87 and o?
3
Suppose 0 = -3*u - 12, 5*r - 460 = -3*u + 558. What is the highest common factor of r and 13?
1
Let j = 272 - 270. Suppose -3*z - 5*s = -485, z - 159 = -5*s + j*s. What is the highest common factor of z and 15?
15
Suppose 41*k + b + 6372 = 46*k, 5*k - 6364 = -3*b. Calculate the greatest common divisor of k and 147.
49
Let c(t) = -t**2 + 3*t + 6. Suppose 2*y + 4 = 3*y. Let o be c(y). Suppose 2 = -4*w - o, -s + 4*w = -9. Calculate the greatest common divisor of s and 55.
5
Suppose 234*x - 71*x - 1091448 = 0. Calculate the highest common divisor of 144 and x.
72
Suppose 3*n - 4*v - 6593 = 342, -5*v - 2297 = -n. What is the highest common factor of n and 42?
7
Suppose -5*n + 985 = 5*r, -9*r + 12*r - 551 = 5*n. Calculate the highest common divisor of 3008 and r.
64
Let u = -8435 - -8911. Calculate the greatest common factor of u and 612.
68
Suppose -131 = -5*y + 4*j - 67, y = -5*j - 22. What is the greatest common divisor of 2928 and y?
8
Suppose -3*j = -10 - 20. Let q(u) = 5*u**2 - 1358*u + 11479. Let d be q(263). Calculate the greatest common factor of j and d.
10
Let y(h) = -2*h**3 + 51*h**2 - 77*h + 126. Let p be y(24). What is the highest common factor of 1458 and p?
6
Suppose -3*w - 11*w + 84 = 0. Suppose 0 = 5*i + 2*u + 537, 111 - 326 = 2*i + u. Let d = -59 - i. What is the greatest common divisor of w and d?
6
Let q = 13 + -8. Suppose -w - 5*c + 224 = 0, 6*w - 2*w + 2*c = 1040. Suppose -q*m + 17*m - w = 0. Calculate the highest common factor of m and 22.
22
Let y = 2 + 10. Let w = -37 - -36. Let p be (w - -4 - 0) + 15. What is the greatest common divisor of y and p?
6
Let w(m